. Let l be t(16). What is the highest common divisor of 24 and l?
12
Let h be (12/(-2))/((-2)/(-1)). Let w = h - -5. What is the greatest common factor of w and 6?
2
Let q = -58 + 94. Let m(a) = 2*a + 11 + 2*a - a**2 + 8 - 15. Let n be m(4). Calculate the highest common divisor of q and n.
4
Let a be ((1 - 0) + 10)*14. Let f = -206 - -228. Calculate the greatest common factor of a and f.
22
Let p be 3 - (-4 + 4/(-4)). Calculate the highest common divisor of 8 and p.
8
Let x = 64 + -48. Calculate the highest common divisor of x and 40.
8
Let z be (2*-1)/(-2)*10. Let q(t) = 110*t**2. Suppose -3 = -2*n - 1. Let u be q(n). Calculate the highest common divisor of z and u.
10
Let o(m) = 6*m**2 + 8*m - 3. Let s be o(-6). Let y = s + -3. Calculate the greatest common divisor of 18 and y.
18
Suppose 77 = 3*l - 103. Suppose -3*j - 4 = -4*t + j, 0 = -3*t + 2*j. Let h be (t - -17) + (-1 - -1). What is the greatest common divisor of h and l?
15
Let d(j) = -j + j**3 - j + 0*j**3 - 1. Let m be d(2). Calculate the greatest common divisor of m and 33.
3
Suppose 0 = -4*c + 313 + 103. Let n be (-2 - -4)*(-13)/(-2). What is the greatest common divisor of c and n?
13
Let k(t) = -10*t**2 - 2*t. Let i be k(2). Let y = -84 - i. Let z be ((-3)/(-3) - y) + -2. What is the greatest common divisor of 26 and z?
13
Let m be (-6)/24 + 41/4. What is the greatest common divisor of m and 30?
10
Let z(h) = h**3 + 6. Let k be z(0). Let m be (28/k)/((-1)/(-3)). Suppose v = -2*w - 16 + 56, 5*v + 2*w = 208. Calculate the greatest common factor of m and v.
14
Let u(m) = -m**3 - 13*m**2 - 17*m - 28. Let x be u(-12). Let f(j) = -j**2 + 16. Let n be f(0). Calculate the highest common factor of n and x.
16
Let f(m) = 6*m + m**2 - m - 1 + 5. Let h be f(-6). Let l be -24*((-8)/(-12) - 4). What is the highest common divisor of h and l?
10
Suppose -23*u + 4*u + 76 = 0. Suppose 0 = -5*l - j + 55, 4*l + 0*j - 28 = -4*j. Calculate the greatest common factor of u and l.
4
Suppose 0 = -p + 27 + 51. Calculate the greatest common factor of 13 and p.
13
Let k be -6*(4/12 + 0) + 37. Let u(m) = -m + 2. Suppose 2*i = -2*v - 12, 0 = 4*i + v + 2*v + 23. Let p be u(i). What is the highest common factor of k and p?
7
Let t be 2/4 - 2/4. Let l(j) = 9*j - j**2 + t*j + 2*j + 4. Let z be l(8). What is the greatest common divisor of z and 7?
7
Let r(u) = -7*u - 39. Let m be r(-18). Calculate the greatest common divisor of m and 29.
29
Let j = -13 + 25. Suppose -3*s + 27 = -5*z, s = -3*z - 1 - 4. Calculate the greatest common factor of j and s.
4
Suppose 0 = -3*a - 0*a + 18. Let d be a/(-3)*(1 - 3). Let f be (d/(-6))/(8/(-12)). Calculate the highest common divisor of 1 and f.
1
Suppose -5*t + 22 - 77 = 0. Let w = -6 - t. Suppose 5*x - 2*v + v - 151 = 0, 3*x + v - 89 = 0. What is the highest common factor of x and w?
5
Let x be 3/2 - (-1)/2. Let u be (4 - 6)*(-77)/x. Calculate the highest common divisor of 11 and u.
11
Suppose -i - 5 = -0*i. Let a = i - -2. Let r be 4/a*(-45)/2. What is the greatest common factor of 6 and r?
6
Let z(g) = 12*g**3 - 5*g**3 + 0*g**2 + g**2. Let t be z(2). Let j = 13 - -11. Calculate the greatest common divisor of j and t.
12
Let j be ((-14)/49)/(1/(-14)). What is the greatest common factor of 2 and j?
2
Let w = -19 + 17. Let h be (-152)/4*(w - -1). Calculate the highest common divisor of h and 19.
19
Let b = 52 + -33. What is the greatest common factor of 152 and b?
19
Let f be 8 + 6 + -3 + 0. Let a(o) = -o**2 + 21*o - 9. Let g be a(9). What is the highest common factor of g and f?
11
Let r(m) = 6*m**2 + 10*m + 14. Let i be r(-2). Calculate the highest common factor of i and 18.
18
Let y = 69 - 64. Calculate the highest common factor of 2 and y.
1
Let k(o) = 4*o - 9. Let z be k(7). Calculate the highest common factor of 76 and z.
19
Suppose 38 = -2*d + 5*a + 146, -a = -3*d + 149. What is the greatest common divisor of 14 and d?
7
Let r = 63 - 13. Suppose 0*x + 4*x + 40 = 3*w, -x + r = 3*w. Let t(h) = h**2 - 5*h + 2. Let v be t(6). Calculate the highest common factor of v and w.
8
Suppose -435 = -3*y + 522. What is the highest common divisor of y and 29?
29
Let s = 15 + 30. Suppose -2*g + f = -g - 5, 2 = 2*g + 2*f. Suppose -g*k - 20 = -7*k. What is the highest common factor of s and k?
5
Let k(v) = 2*v**2 - 7*v + 4. Let d be k(4). Let w(p) = -p**3 + 8*p**2 + 6*p - 9. Let g be w(d). What is the greatest common divisor of g and 13?
13
Let l be (-4)/(-16) + 102/8. Suppose 0 = 3*w + 28 - l, 0 = 4*f + w - 47. Calculate the highest common factor of f and 104.
13
Let h be 2 + -1 + (12 - -1). Let u be (-1*2)/((-4)/6). Suppose u*g - 2*t = 11, 0 = -4*t + t + 15. What is the greatest common factor of g and h?
7
Let i(p) be the first derivative of -7/3*p**3 + 2*p - 3*p**2 - 1/4*p**4 + 1. Let l be i(-6). What is the greatest common divisor of 16 and l?
2
Let v be 8/3 - 3/(-9). Suppose -5*f = -5, 0 = 2*l + v*f - 3 - 28. Let h = l + 1. Calculate the highest common factor of h and 5.
5
Suppose -3*y + 27 - 6 = 0. Calculate the highest common divisor of y and 14.
7
Suppose -p = -5*p + 32. Suppose -144 = -u - u. What is the greatest common divisor of u and p?
8
Let y(u) = -13*u - 53. Let r be y(-9). Calculate the greatest common divisor of 16 and r.
16
Let y(g) = g**3 + 10*g**2 + 16*g + 16. Let d be y(-8). Calculate the greatest common divisor of 64 and d.
16
Let h = -68 - -166. Suppose v = -0 - 2. Let s be v/(-4) + 27/2. What is the highest common factor of s and h?
14
Let a = 1 + 1. Let l be (54/(-4))/(a/4). Let g = 9 - l. What is the highest common divisor of 9 and g?
9
Suppose 5*v = 2*v + 9. Suppose -3*l + 135 = 51. Suppose v*r = -r + l. Calculate the greatest common factor of r and 7.
7
Suppose o + 4*u - 17 = 0, -6*o + o + 4*u = -109. Calculate the highest common divisor of 336 and o.
21
Let y be 4594/22 + -2 + (-4)/(-22). What is the greatest common divisor of 23 and y?
23
Let l(s) = s - 10. Let g be l(7). Let v be 15 - g/(-2 + -1). What is the highest common factor of v and 21?
7
Let z be 0 - (-1 - -8)*-88. Suppose -z = -5*o + o. Calculate the greatest common factor of o and 14.
14
Suppose -52*h + 48*h = -44. Let r(o) = 7*o - 9. Suppose 0 = 2*u + 3*k - 6, 0 = -k + 1 - 3. Let s be r(u). What is the highest common factor of h and s?
11
Let c = -37 - -52. Let q be -3 - (1 - (2 + 12)). Calculate the greatest common divisor of c and q.
5
Let s(h) = 6*h**2 - h - 1. Let l be s(-3). What is the highest common divisor of l and 14?
14
Let d be -3 + (53 - (-2 - 0)). Let u = d - 31. Suppose -3 - u = -3*o. Calculate the highest common factor of o and 2.
2
Suppose 128 = -3*a + 4*a. Calculate the greatest common divisor of 16 and a.
16
Let l be (-3)/(-9) - 34/(-6). Let h be l/(-21) - (-172)/14. Suppose 0*c - i = -2*c + 4, -2*c + 2*i = 0. Calculate the greatest common factor of h and c.
4
Suppose -3*r = -1 - 11. Suppose -r*n + 19 = -25. Let k(f) = f**2 + 2*f + 7. Let j be k(-5). What is the greatest common factor of j and n?
11
Let g(n) = n**2 + 8*n + 9. Let r be g(-6). Let l(a) = -7*a + 3. Let d be l(r). What is the greatest common divisor of 60 and d?
12
Let t(j) = 2*j**2 + 9*j + 4. Let w be t(-6). Suppose -8*a + w = -6*a. Calculate the greatest common divisor of a and 1.
1
Let a = 51 - 36. Suppose -f - 3 + a = 0. Let b = -10 + 22. Calculate the greatest common divisor of b and f.
12
Suppose 4*o = 2442 - 778. Suppose 4*l = o + 32. Calculate the highest common divisor of l and 14.
14
Suppose 2*u = x + 2, 0*x + 4 = 2*x. Suppose 3*j = 5*q + 190, 47 = j - 4*q - 21. Suppose -u*w = -w - j. Calculate the highest common divisor of w and 24.
12
Suppose l + 2*z = 36, -3*z - 196 = -5*l - 5*z. Let i be -1 - (0 + (-1 - 0)). Suppose i = 3*w - 98 - 202. Calculate the highest common divisor of w and l.
20
Let p be (-1)/2*(6 + -14). Calculate the greatest common divisor of 2 and p.
2
Let u(p) be the first derivative of -p**3/3 + 5*p**2/2 + 6*p - 4. Let j be u(5). What is the greatest common divisor of 24 and j?
6
Let z be (-3)/(5 + -2) - (-13 + 0). Let k(f) = f**3 + 5*f**2 - 7*f - 5. Let p be k(-5). What is the greatest common factor of z and p?
6
Let h = 8 + -6. Suppose 0 = h*m - 55 - 99. Calculate the highest common divisor of m and 7.
7
Suppose h - 4*h = 0. Suppose h = 3*x - 9 - 24. Calculate the highest common facto